{"id":463,"date":"2026-03-10T18:25:55","date_gmt":"2026-03-10T18:25:55","guid":{"rendered":"https:\/\/canalminbolivia.org\/?page_id=463"},"modified":"2026-04-15T16:12:02","modified_gmt":"2026-04-15T16:12:02","slug":"mision","status":"publish","type":"page","link":"https:\/\/canalminbolivia.org\/index.php\/quienes-somos\/mision\/","title":{"rendered":"Misi\u00f3n y Visi\u00f3n"},"content":{"rendered":"<h1 style=\"text-align: center;\"><span style=\"font-size: 60px; color: #072472;\"><strong>Misi\u00f3n y Visi\u00f3n<\/strong><\/span><\/h1>\n\n\n<div class=\"wp-block-columns alignfull is-layout-flex wp-container-core-columns-is-layout-28f84493 wp-block-columns-is-layout-flex\">\n<div class=\"wp-block-column is-layout-flow wp-block-column-is-layout-flow\">\n<div class=\"wp-block-cover\" style=\"border-style:none;border-width:0px;border-top-left-radius:22px;border-top-right-radius:22px;border-bottom-left-radius:22px;border-bottom-right-radius:22px;padding-top:0;padding-bottom:0;min-height:370px;aspect-ratio:unset;\"><img decoding=\"async\" width=\"450\" height=\"224\" class=\"wp-block-cover__image-background wp-image-1470 size-full\" alt=\"\" src=\"https:\/\/canalminbolivia.org\/wp-content\/uploads\/2026\/03\/azulCuadro-1.png\" data-object-fit=\"cover\"\/><span aria-hidden=\"true\" class=\"wp-block-cover__background has-background-dim-100 has-background-dim\" style=\"background-color:#162776\"><\/span><div class=\"wp-block-cover__inner-container is-layout-constrained wp-container-core-cover-is-layout-9bd60fe1 wp-block-cover-is-layout-constrained\">\n<p class=\"has-text-align-left has-medium-font-size\" style=\"border-style:none;border-width:0px;border-top-left-radius:0px;border-top-right-radius:0px;border-bottom-left-radius:0px;border-bottom-right-radius:0px;margin-top:var(--wp--preset--spacing--30);margin-right:var(--wp--preset--spacing--30);margin-bottom:var(--wp--preset--spacing--30);margin-left:var(--wp--preset--spacing--30)\"><p class=\"has-text-align-left has-medium-font-size\" style=\"text-align: justify;\"><span style=\"font-size: 24px; font-family: tahoma, arial, helvetica, sans-serif;\"><span data-fontweight=\"400\" data-letterspacing=\"-20\" style=\"font-weight: 400; letter-spacing: -0.02em\" class=\"typost-styled\">Representar a las C\u00e1maras Departamentales y Regionales a nivel t\u00e9cnico, pol\u00edtico, econ\u00f3mico y social, sin distinci\u00f3n ni discriminaci\u00f3n, respetando la diversidad cultural del pa\u00eds; promoviendo la formalizaci\u00f3n de la actividad minera, la democracia, la responsabilidad social, el respeto a la propiedad privada, los derechos adquiridos y la transmisi\u00f3n efectiva de las demandas de sus asociados.<\/span><\/span><\/p><\/p>\n<\/div><\/div>\n<\/div>\n\n\n\n<div class=\"wp-block-column is-layout-constrained wp-container-core-column-is-layout-a099c240 wp-block-column-is-layout-constrained\">\n<div class=\"wp-block-cover is-light\" style=\"border-style:none;border-width:0px;border-top-left-radius:17px;border-top-right-radius:17px;border-bottom-left-radius:17px;border-bottom-right-radius:17px;margin-top:var(--wp--preset--spacing--30);margin-bottom:var(--wp--preset--spacing--30);padding-top:var(--wp--preset--spacing--20);padding-bottom:var(--wp--preset--spacing--20);min-height:280px;aspect-ratio:unset;\"><img decoding=\"async\" width=\"450\" height=\"224\" class=\"wp-block-cover__image-background wp-image-1508 size-full\" alt=\"\" src=\"https:\/\/canalminbolivia.org\/wp-content\/uploads\/2026\/03\/amarilloCuadro-1.png\" data-object-fit=\"cover\"\/><span aria-hidden=\"true\" class=\"wp-block-cover__background has-background-dim-100 has-background-dim\" style=\"background-color:#efdc19\"><\/span><div class=\"wp-block-cover__inner-container is-layout-constrained wp-container-core-cover-is-layout-1ad17651 wp-block-cover-is-layout-constrained\">\n<p class=\"has-text-align-left has-medium-font-size\" style=\"border-top-left-radius:23px;border-top-right-radius:23px;border-bottom-left-radius:23px;border-bottom-right-radius:23px;margin-top:var(--wp--preset--spacing--30);margin-right:var(--wp--preset--spacing--30);margin-bottom:var(--wp--preset--spacing--30);margin-left:var(--wp--preset--spacing--30)\"><p class=\"has-text-align-left has-medium-font-size\" style=\"border-radius: 17px; margin: var(--wp--preset--spacing--30); text-align: justify;\"><span style=\"font-family: tahoma, arial, helvetica, sans-serif; font-size: 24px; color: #072472;\"><span data-fontweight=\"400\" data-letterspacing=\"-85\" data-lineheight=\"1.1\" style=\"font-weight: 400; letter-spacing: -0.085em; line-height: 1.1\" class=\"typost-styled\">Constituirse en referente nacional de representaci\u00f3n del sector Minero Chico productivo, impulsando liderazgos emprendedores y fortaleciendo toda la cadena productiva de la miner\u00eda e industrializaci\u00f3n de los recursos minerales del pa\u00eds.<\/span><\/span><\/p><\/p>\n<\/div><\/div>\n<\/div>\n<\/div>\n\n\n\n<p>&nbsp;<\/p>\n\n\n","protected":false},"excerpt":{"rendered":"<p>Misi\u00f3n y Visi\u00f3n &nbsp;<\/p>\n","protected":false},"author":1,"featured_media":0,"parent":11,"menu_order":0,"comment_status":"closed","ping_status":"closed","template":"page-templates\/full-width.php","meta":{"_uag_custom_page_level_css":"","footnotes":""},"class_list":["post-463","page","type-page","status-publish","hentry"],"uagb_featured_image_src":{"full":false,"thumbnail":false,"medium":false,"medium_large":false,"large":false,"1536x1536":false,"2048x2048":false,"reviewnews-large":false,"reviewnews-medium":false,"awb_sm":false,"awb_md":false,"awb_lg":false,"awb_xl":false},"uagb_author_info":{"display_name":"admin","author_link":"https:\/\/canalminbolivia.org\/index.php\/author\/admin\/"},"uagb_comment_info":0,"uagb_excerpt":"Misi\u00f3n y Visi\u00f3n &nbsp;","_links":{"self":[{"href":"https:\/\/canalminbolivia.org\/index.php\/wp-json\/wp\/v2\/pages\/463","targetHints":{"allow":["GET"]}}],"collection":[{"href":"https:\/\/canalminbolivia.org\/index.php\/wp-json\/wp\/v2\/pages"}],"about":[{"href":"https:\/\/canalminbolivia.org\/index.php\/wp-json\/wp\/v2\/types\/page"}],"author":[{"embeddable":true,"href":"https:\/\/canalminbolivia.org\/index.php\/wp-json\/wp\/v2\/users\/1"}],"replies":[{"embeddable":true,"href":"https:\/\/canalminbolivia.org\/index.php\/wp-json\/wp\/v2\/comments?post=463"}],"version-history":[{"count":183,"href":"https:\/\/canalminbolivia.org\/index.php\/wp-json\/wp\/v2\/pages\/463\/revisions"}],"predecessor-version":[{"id":2453,"href":"https:\/\/canalminbolivia.org\/index.php\/wp-json\/wp\/v2\/pages\/463\/revisions\/2453"}],"up":[{"embeddable":true,"href":"https:\/\/canalminbolivia.org\/index.php\/wp-json\/wp\/v2\/pages\/11"}],"wp:attachment":[{"href":"https:\/\/canalminbolivia.org\/index.php\/wp-json\/wp\/v2\/media?parent=463"}],"curies":[{"name":"wp","href":"https:\/\/api.w.org\/{rel}","templated":true}]}}