{"id":41,"date":"2026-03-05T18:59:11","date_gmt":"2026-03-05T18:59:11","guid":{"rendered":"https:\/\/canalminbolivia.org\/?page_id=41"},"modified":"2026-04-01T19:11:23","modified_gmt":"2026-04-01T19:11:23","slug":"representatividad-nacional-e-internacional","status":"publish","type":"page","link":"https:\/\/canalminbolivia.org\/index.php\/acciones\/representatividad-nacional-e-internacional\/","title":{"rendered":"Representatividad Nacional e Internacional"},"content":{"rendered":"\n\n\n<h1 style=\"text-align: center;\"><span style=\"font-size: 60px; color: #072472; font-family: tahoma, arial, helvetica, sans-serif;\"><strong>Representatividad Institucional<\/strong><\/span><\/h1>\n\n\n\n\n\n<div class=\"wp-block-columns alignwide is-layout-flex wp-container-core-columns-is-layout-28f84493 wp-block-columns-is-layout-flex\">\n<div class=\"wp-block-column is-layout-flow wp-block-column-is-layout-flow\">\n<p><p style=\"text-align: justify;\"><span style=\"font-family: tahoma, arial, helvetica, sans-serif; color: #072472; font-size: 24px;\"><strong>CANALMIN<\/strong> desarrolla acciones de representaci\u00f3n, defensa institucional, asistencia t\u00e9cnica, gesti\u00f3n ante entidades p\u00fablicas y privadas, apoyo a la exploraci\u00f3n, explotaci\u00f3n, procesamiento, comercializaci\u00f3n, capacitaci\u00f3n y fortalecimiento del <strong>FAREMIN<\/strong>. <\/span><\/p>\n<p>&nbsp;<\/p>\n<p style=\"text-align: justify;\"><span style=\"font-family: tahoma, arial, helvetica, sans-serif; color: #072472; font-size: 24px;\">Representaci\u00f3n, defensa y gesti\u00f3n institucional de los intereses de la <strong>Miner\u00eda Chica<\/strong> ante entidades del nivel central del Estado, gobiernos subnacionales, instituciones p\u00fablicas y privadas, y organismos nacionales e internacionales. Representaci\u00f3n y defensa institucional del sector.<\/span><\/p><\/p>\n<\/div>\n<\/div>\n\n\n\n\n\n<ul class=\"wp-block-list\">\n<li style=\"text-align: justify;\"><span style=\"font-size: 24px; font-family: tahoma, arial, helvetica, sans-serif; color: #072472;\">Gesti\u00f3n ante entidades p\u00fablicas y privadas.<\/span><\/li>\n\n\n\n<li style=\"text-align: justify;\"><span style=\"font-size: 24px; font-family: tahoma, arial, helvetica, sans-serif; color: #072472;\">Coordinaci\u00f3n de pol\u00edticas de desarrollo para la Miner\u00eda Chica.<\/span><\/li>\n\n\n\n<li style=\"text-align: justify;\"><span style=\"font-size: 24px; font-family: tahoma, arial, helvetica, sans-serif; color: #072472;\">Difusi\u00f3n de informaci\u00f3n t\u00e9cnica, legal y econ\u00f3mica.<\/span><\/li>\n\n\n\n<li style=\"text-align: justify;\"><span style=\"font-size: 24px; font-family: tahoma, arial, helvetica, sans-serif; color: #072472;\">Promoci\u00f3n de mejores condiciones de comercializaci\u00f3n.<\/span><\/li>\n\n\n\n<li style=\"text-align: justify;\"><span style=\"font-size: 24px; font-family: tahoma, arial, helvetica, sans-serif; color: #072472;\">Vinculaci\u00f3n internacional y transferencia tecnol\u00f3gica.<\/span><\/li>\n\n\n\n<li style=\"text-align: justify;\"><span style=\"font-size: 24px; font-family: tahoma, arial, helvetica, sans-serif; color: #072472;\">Apoyo a la formaci\u00f3n t\u00e9cnica y profesional del sector.<\/span><\/li>\n\n\n\n<li style=\"text-align: justify;\"><span style=\"font-size: 24px; font-family: tahoma, arial, helvetica, sans-serif; color: #072472;\">Gesti\u00f3n y fortalecimiento del Fondo de Apoyo a la Reactivaci\u00f3n de la Miner\u00eda Chica <strong>(FAREMIN)<\/strong><\/span><\/li>\n<\/ul>\n\n\n\n<figure class=\"wp-block-gallery alignfull has-nested-images columns-default is-cropped uag-masonry uagb-block-ed2bdc52 wp-block-gallery-1 is-layout-flex wp-block-gallery-is-layout-flex\" style=\"padding-top:var(--wp--preset--spacing--20);padding-right:var(--wp--preset--spacing--20);padding-bottom:var(--wp--preset--spacing--20);padding-left:var(--wp--preset--spacing--20)\">\n<figure class=\"wp-block-image alignfull size-full\"><img decoding=\"async\" width=\"800\" height=\"485\" data-id=\"2298\" src=\"https:\/\/canalminbolivia.org\/wp-content\/uploads\/2026\/04\/25.png\" alt=\"\" class=\"wp-image-2298\"\/><\/figure>\n\n\n\n<figure class=\"wp-block-image alignfull size-full\"><img decoding=\"async\" width=\"800\" height=\"485\" data-id=\"2299\" src=\"https:\/\/canalminbolivia.org\/wp-content\/uploads\/2026\/04\/27.png\" alt=\"\" class=\"wp-image-2299\"\/><\/figure>\n\n\n\n<figure class=\"wp-block-image alignfull size-full\"><img decoding=\"async\" width=\"800\" height=\"485\" data-id=\"2300\" src=\"https:\/\/canalminbolivia.org\/wp-content\/uploads\/2026\/04\/22.png\" alt=\"\" class=\"wp-image-2300\"\/><\/figure>\n<\/figure>\n\n\n\n\n","protected":false},"excerpt":{"rendered":"<p>Representatividad Institucional CANALMIN desarrolla acciones de representaci\u00f3n, defensa institucional, asistencia t\u00e9cnica, gesti\u00f3n ante entidades p\u00fablicas y privadas, apoyo<\/p>\n","protected":false},"author":1,"featured_media":0,"parent":39,"menu_order":0,"comment_status":"closed","ping_status":"closed","template":"page-templates\/full-width.php","meta":{"_uag_custom_page_level_css":"","footnotes":""},"class_list":["post-41","page","type-page","status-publish","hentry"],"uagb_featured_image_src":{"full":false,"thumbnail":false,"medium":false,"medium_large":false,"large":false,"1536x1536":false,"2048x2048":false,"reviewnews-large":false,"reviewnews-medium":false,"awb_sm":false,"awb_md":false,"awb_lg":false,"awb_xl":false},"uagb_author_info":{"display_name":"admin","author_link":"https:\/\/canalminbolivia.org\/index.php\/author\/admin\/"},"uagb_comment_info":0,"uagb_excerpt":"Representatividad Institucional CANALMIN desarrolla acciones de representaci\u00f3n, defensa institucional, asistencia t\u00e9cnica, gesti\u00f3n ante entidades p\u00fablicas y privadas, apoyo","_links":{"self":[{"href":"https:\/\/canalminbolivia.org\/index.php\/wp-json\/wp\/v2\/pages\/41","targetHints":{"allow":["GET"]}}],"collection":[{"href":"https:\/\/canalminbolivia.org\/index.php\/wp-json\/wp\/v2\/pages"}],"about":[{"href":"https:\/\/canalminbolivia.org\/index.php\/wp-json\/wp\/v2\/types\/page"}],"author":[{"embeddable":true,"href":"https:\/\/canalminbolivia.org\/index.php\/wp-json\/wp\/v2\/users\/1"}],"replies":[{"embeddable":true,"href":"https:\/\/canalminbolivia.org\/index.php\/wp-json\/wp\/v2\/comments?post=41"}],"version-history":[{"count":39,"href":"https:\/\/canalminbolivia.org\/index.php\/wp-json\/wp\/v2\/pages\/41\/revisions"}],"predecessor-version":[{"id":2301,"href":"https:\/\/canalminbolivia.org\/index.php\/wp-json\/wp\/v2\/pages\/41\/revisions\/2301"}],"up":[{"embeddable":true,"href":"https:\/\/canalminbolivia.org\/index.php\/wp-json\/wp\/v2\/pages\/39"}],"wp:attachment":[{"href":"https:\/\/canalminbolivia.org\/index.php\/wp-json\/wp\/v2\/media?parent=41"}],"curies":[{"name":"wp","href":"https:\/\/api.w.org\/{rel}","templated":true}]}}